{"id":1071,"date":"2014-07-19T22:42:17","date_gmt":"2014-07-19T22:42:17","guid":{"rendered":"http:\/\/souvenirsdaltitude.fr\/wordpress\/?page_id=1071"},"modified":"2016-05-25T12:40:35","modified_gmt":"2016-05-25T12:40:35","slug":"materiel","status":"publish","type":"page","link":"https:\/\/souvenirsdaltitude.fr\/wordpress\/materiel\/","title":{"rendered":"Mat\u00e9riel"},"content":{"rendered":"<div id=\"pl-1071\"  class=\"panel-layout\" ><div id=\"pg-1071-0\"  class=\"panel-grid panel-has-style\" ><div style=\"padding: 100px 0; \" data-overlay=\"true\" class=\"panel-row-style panel-row-style-for-1071-0\" ><div id=\"pgc-1071-0-0\"  class=\"panel-grid-cell panel-grid-cell-empty\" ><\/div><div id=\"pgc-1071-0-1\"  class=\"panel-grid-cell\" ><div id=\"panel-1071-0-1-0\" class=\"so-panel widget widget_sow-editor panel-first-child panel-last-child\" data-index=\"0\" ><div\n\t\t\t\n\t\t\tclass=\"so-widget-sow-editor so-widget-sow-editor-base\"\n\t\t\t\n\t\t>\n<div class=\"siteorigin-widget-tinymce textwidget\">\n\t<p style=\"text-align: justify;\">Le mat\u00e9riel ne fait \u00e9videmment pas l'image mais il influe n\u00e9anmoins directement sur la qualit\u00e9 du <a title=\"Tirages\" href=\"http:\/\/souvenirsdaltitude.fr\/wordpress\/tirages\/\">tirage<\/a> d'une photo.\u00a0C'est la raison pour laquelle je me suis \u00e9quip\u00e9, au cours des derni\u00e8res ann\u00e9es, du\u00a0meilleur mat\u00e9riel possible et compatible avec mon style photographique afin de m'assurer de l'excellente qualit\u00e9 des <a title=\"Tirages\" href=\"http:\/\/souvenirsdaltitude.fr\/wordpress\/tirages\/\">tirages<\/a> que je propose \u00e0 mes clients.<\/p>\n<p>\u00a0<\/p>\n<h2>Boitiers<\/h2>\n<ul>\n<li><a href=\"http:\/\/www.nikon.fr\/fr_FR\/product\/digital-cameras\/slr\/professional\/d800\">Nikon D800<\/a><\/li>\n<\/ul>\n<h2>\u00a0<\/h2>\n<h2>Objectifs<\/h2>\n<ul>\n<li><a href=\"http:\/\/www.nikon.fr\/fr_FR\/product\/nikkor-lenses\/auto-focus-lenses\/fx\/single-focal-length\/af-s-nikkor-20mm-f-1-8g-ed\">AF-S Nikkor 20mm f\/1.8G ED\u00a0<\/a><\/li>\n<li><a href=\"http:\/\/www.nikon.fr\/fr_FR\/product\/nikkor-lenses\/auto-focus-lenses\/fx\/single-focal-length\/af-s-nikkor-35mm-f-1-8g-ed\">AF-S Nikkor 35mm f\/1.8G ED<\/a><\/li>\n<li><a href=\"http:\/\/www.nikon.fr\/fr_FR\/product\/nikkor-lenses\/auto-focus-lenses\/fx\/single-focal-length\/af-s-nikkor-50mm-f-1-4g\">AF-S Nikkor 50mm f\/1,4G<\/a><\/li>\n<li><a href=\"http:\/\/www.nikon.fr\/fr_FR\/product\/nikkor-lenses\/auto-focus-lenses\/fx\/single-focal-length\/af-s-nikkor-85mm-f-1-8g\">AF-S Nikkor 85mm f\/1,8G<\/a><\/li>\n<li>Sigma 105mm f\/2,8 DG macro EX<\/li>\n<li><a href=\"http:\/\/www.nikon.fr\/fr_FR\/product\/nikkor-lenses\/auto-focus-lenses\/fx\/zoom\/af-s-nikkor-24-70mm-f-2-8g-ed\">AF-S Nikkor 24-70mm f\/2,8G ED<\/a><\/li>\n<li><a href=\"http:\/\/www.nikon.fr\/fr_FR\/product\/nikkor-lenses\/auto-focus-lenses\/fx\/zoom\/af-s-nikkor-70-200mm-f-4g-ed-vr\">AF-S NIKKOR 70-200MM F\/4G ED VR<\/a><\/li>\n<li><a href=\"http:\/\/www.nikon.fr\/fr_FR\/product\/nikkor-lenses\/auto-focus-lenses\/fx\/single-focal-length\/af-s-nikkor-300mm-f-4e-pf-ed-vr\">AF-S NIKKOR 300MM F\/4E PF ED VR<\/a><\/li>\n<li><a href=\"http:\/\/www.nikon.fr\/fr_FR\/product\/nikkor-lenses\/teleconverters\/af-s-teleconverter-tc-14e-ii\">Nikkor TC-14 II<\/a><\/li>\n<\/ul>\n<h2>\u00a0<\/h2>\n<h2>Mat\u00e9riel accessoire<\/h2>\n<ul>\n<li>Tr\u00e9pied <a href=\"http:\/\/www.feisoleurope.com\/\">Feisol<\/a><\/li>\n<li>T\u00e9l\u00e9commande filaire<\/li>\n<li>Filtres d\u00e9grad\u00e9s et neutres <a href=\"http:\/\/www.leefilters.com\/\">Lee<\/a><\/li>\n<li>Filtre polarisant <a href=\"http:\/\/www.cokin-filters.com\/fr\/\">Cokin<\/a><\/li>\n<li>Capture\u00a0Pro, <a href=\"https:\/\/www.peakdesign.com\/\">Peak Design<\/a><\/li>\n<li>Capture Lens, <a href=\"https:\/\/www.peakdesign.com\/\">Peak Design<\/a><\/li>\n<li>Sac \u00e0 dos Alpiscak, <a href=\"http:\/\/www.ks-ultralightgear.com\/\">KS ultralight gear<\/a><\/li>\n<\/ul>\n<h2>\u00a0<\/h2>\n<h2>Accessoires non accessoires<\/h2>\n<ul>\n<li>Un r\u00e9veil coinc\u00e9 sur le fuseau horaire de P\u00e9kin afin d'avoir de l'avance sur le soleil<\/li>\n<li>Une paire de jambe habitu\u00e9e \u00e0 porter tout ce bardas...<\/li>\n<li>De bons amis pour partager ces moments dans la bonne humeur<\/li>\n<\/ul>\n<\/div>\n<\/div><\/div><\/div><div id=\"pgc-1071-0-2\"  class=\"panel-grid-cell panel-grid-cell-mobile-last\" ><div id=\"panel-1071-0-2-0\" class=\"so-panel widget widget_sow-image panel-first-child panel-last-child\" data-index=\"1\" ><div\n\t\t\t\n\t\t\tclass=\"so-widget-sow-image so-widget-sow-image-default-4e6925654b7a-1071\"\n\t\t\t\n\t\t>\n\n<div class=\"sow-image-container\">\n\t\t<img src=\"https:\/\/i0.wp.com\/souvenirsdaltitude.fr\/wordpress\/wp-content\/uploads\/2014\/07\/nikon-d800-front-reflet_1.png?fit=590%2C440&amp;ssl=1\" width=\"590\" height=\"440\" srcset=\"https:\/\/i0.wp.com\/souvenirsdaltitude.fr\/wordpress\/wp-content\/uploads\/2014\/07\/nikon-d800-front-reflet_1.png?w=590&amp;ssl=1 590w, https:\/\/i0.wp.com\/souvenirsdaltitude.fr\/wordpress\/wp-content\/uploads\/2014\/07\/nikon-d800-front-reflet_1.png?resize=300%2C224&amp;ssl=1 300w, https:\/\/i0.wp.com\/souvenirsdaltitude.fr\/wordpress\/wp-content\/uploads\/2014\/07\/nikon-d800-front-reflet_1.png?resize=230%2C172&amp;ssl=1 230w, https:\/\/i0.wp.com\/souvenirsdaltitude.fr\/wordpress\/wp-content\/uploads\/2014\/07\/nikon-d800-front-reflet_1.png?resize=350%2C261&amp;ssl=1 350w\" alt=\"\" loading=\"lazy\" \t\tclass=\"so-widget-image\"\/>\n\t<\/div>\n\n<\/div><\/div><\/div><div id=\"pgc-1071-0-3\"  class=\"panel-grid-cell panel-grid-cell-empty\" ><\/div><\/div><\/div><\/div>","protected":false},"excerpt":{"rendered":"<p>Le mat\u00e9riel ne fait \u00e9videmment pas l&rsquo;image mais il influe n\u00e9anmoins directement sur la qualit\u00e9 du tirage d&rsquo;une photo.\u00a0C&rsquo;est la raison pour laquelle je me suis \u00e9quip\u00e9, au cours des derni\u00e8res ann\u00e9es, du\u00a0meilleur mat\u00e9riel possible et compatible avec mon style photographique afin de m&rsquo;assurer de l&rsquo;excellente qualit\u00e9 des tirages que je propose \u00e0 mes clients.\u00a0BoitiersNikon [&hellip;]<\/p>\n","protected":false},"author":2,"featured_media":0,"parent":0,"menu_order":0,"comment_status":"closed","ping_status":"closed","template":"page-templates\/page_fullwidth.php","meta":[],"jetpack_sharing_enabled":true,"_links":{"self":[{"href":"https:\/\/souvenirsdaltitude.fr\/wordpress\/wp-json\/wp\/v2\/pages\/1071"}],"collection":[{"href":"https:\/\/souvenirsdaltitude.fr\/wordpress\/wp-json\/wp\/v2\/pages"}],"about":[{"href":"https:\/\/souvenirsdaltitude.fr\/wordpress\/wp-json\/wp\/v2\/types\/page"}],"author":[{"embeddable":true,"href":"https:\/\/souvenirsdaltitude.fr\/wordpress\/wp-json\/wp\/v2\/users\/2"}],"replies":[{"embeddable":true,"href":"https:\/\/souvenirsdaltitude.fr\/wordpress\/wp-json\/wp\/v2\/comments?post=1071"}],"version-history":[{"count":0,"href":"https:\/\/souvenirsdaltitude.fr\/wordpress\/wp-json\/wp\/v2\/pages\/1071\/revisions"}],"wp:attachment":[{"href":"https:\/\/souvenirsdaltitude.fr\/wordpress\/wp-json\/wp\/v2\/media?parent=1071"}],"curies":[{"name":"wp","href":"https:\/\/api.w.org\/{rel}","templated":true}]}}