{"version":"1.0","provider_name":"Benjamin Orgogozo, accompagnateur et photographe de paysages, Lyon","provider_url":"http:\/\/souvenirsdaltitude.fr\/wordpress","author_name":"Benjamin Orgogozo","author_url":"http:\/\/souvenirsdaltitude.fr\/wordpress\/author\/benjamin\/","title":"25-27 septembre 2015 : \u00ab\u00a0Monts et Merveilles \u00bb \u00e0 Barr - Benjamin Orgogozo, accompagnateur et photographe de paysages, Lyon","type":"rich","width":600,"height":338,"html":"<blockquote class=\"wp-embedded-content\" data-secret=\"rUEsePyxKp\"><a href=\"http:\/\/souvenirsdaltitude.fr\/wordpress\/monts-et-merveilles-barr\/\">25-27 septembre 2015 : \u00ab\u00a0Monts et Merveilles \u00bb \u00e0 Barr<\/a><\/blockquote><iframe sandbox=\"allow-scripts\" security=\"restricted\" src=\"http:\/\/souvenirsdaltitude.fr\/wordpress\/monts-et-merveilles-barr\/embed\/#?secret=rUEsePyxKp\" width=\"600\" height=\"338\" title=\"\u00ab\u00a025-27 septembre 2015 : \u00ab\u00a0Monts et Merveilles \u00bb \u00e0 Barr\u00a0\u00bb &#8212; Benjamin Orgogozo, accompagnateur et photographe de paysages, Lyon\" data-secret=\"rUEsePyxKp\" frameborder=\"0\" marginwidth=\"0\" marginheight=\"0\" scrolling=\"no\" class=\"wp-embedded-content\"><\/iframe><script type=\"text\/javascript\">\n\/*! This file is auto-generated *\/\n!function(c,d){\"use strict\";var e=!1,o=!1;if(d.querySelector)if(c.addEventListener)e=!0;if(c.wp=c.wp||{},c.wp.receiveEmbedMessage);else if(c.wp.receiveEmbedMessage=function(e){var t=e.data;if(!t);else if(!(t.secret||t.message||t.value));else if(\/[^a-zA-Z0-9]\/.test(t.secret));else{for(var r,s,a,i=d.querySelectorAll('iframe[data-secret=\"'+t.secret+'\"]'),n=d.querySelectorAll('blockquote[data-secret=\"'+t.secret+'\"]'),o=new RegExp(\"^https?:$\",\"i\"),l=0;l<n.length;l++)n[l].style.display=\"none\";for(l=0;l<i.length;l++)if(r=i[l],e.source!==r.contentWindow);else{if(r.removeAttribute(\"style\"),\"height\"===t.message){if(1e3<(s=parseInt(t.value,10)))s=1e3;else if(~~s<200)s=200;r.height=s}if(\"link\"===t.message)if(s=d.createElement(\"a\"),a=d.createElement(\"a\"),s.href=r.getAttribute(\"src\"),a.href=t.value,!o.test(a.protocol));else if(a.host===s.host)if(d.activeElement===r)c.top.location.href=t.value}}},e)c.addEventListener(\"message\",c.wp.receiveEmbedMessage,!1),d.addEventListener(\"DOMContentLoaded\",t,!1),c.addEventListener(\"load\",t,!1);function t(){if(o);else{o=!0;for(var e,t,r,s=-1!==navigator.appVersion.indexOf(\"MSIE 10\"),a=!!navigator.userAgent.match(\/Trident.*rv:11\\.\/),i=d.querySelectorAll(\"iframe.wp-embedded-content\"),n=0;n<i.length;n++){if(!(r=(t=i[n]).getAttribute(\"data-secret\")))r=Math.random().toString(36).substr(2,10),t.src+=\"#?secret=\"+r,t.setAttribute(\"data-secret\",r);if(s||a)(e=t.cloneNode(!0)).removeAttribute(\"security\"),t.parentNode.replaceChild(e,t);t.contentWindow.postMessage({message:\"ready\",secret:r},\"*\")}}}}(window,document);\n<\/script>\n","description":"&nbsp; &nbsp; Du 25 au 27 septembre prochain, j&rsquo;aurai l&rsquo;immense plaisir de pr\u00e9senter pour la premi\u00e8re fois mon exposition \u00ab Monts et Merveilles \u00bb \u00e0 Barr, dans le cadre du salon de la photographie de nature. Ce sera un grand honneur pour moi d&rsquo;exposer aux c\u00f4t\u00e9s d&rsquo;autres talentueux photographes et surtout de pouvoir vous rencontrer [&hellip;]","thumbnail_url":"http:\/\/souvenirsdaltitude.fr\/wordpress\/wp-content\/uploads\/2016\/04\/rocher_pansaret_DSC0249_DSC0269_20121219_08_29_45_1400-3.jpg?w=5906&amp;h=2953&amp;crop=1"}

25-27 septembre 2015 : « Monts et Merveilles » à Barr - Benjamin Orgogozo, accompagnateur et photographe de paysages, Lyon

<blockquote class="wp-embedded-content" data-secret="rUEsePyxKp"><a href="http://souvenirsdaltitude.fr/wordpress/monts-et-merveilles-barr/">25-27 septembre 2015 : « Monts et Merveilles » à Barr</a></blockquote><iframe sandbox="allow-scripts" security="restricted" src="http://souvenirsdaltitude.fr/wordpress/monts-et-merveilles-barr/embed/#?secret=rUEsePyxKp" width="600" height="338" title="« 25-27 septembre 2015 : « Monts et Merveilles » à Barr » &#8212; Benjamin Orgogozo, accompagnateur et photographe de paysages, Lyon" data-secret="rUEsePyxKp" frameborder="0" marginwidth="0" marginheight="0" scrolling="no" class="wp-embedded-content"></iframe><script type="text/javascript">
/*! This file is auto-generated */
!function(c,d){"use strict";var e=!1,o=!1;if(d.querySelector)if(c.addEventListener)e=!0;if(c.wp=c.wp||{},c.wp.receiveEmbedMessage);else if(c.wp.receiveEmbedMessage=function(e){var t=e.data;if(!t);else if(!(t.secret||t.message||t.value));else if(/[^a-zA-Z0-9]/.test(t.secret));else{for(var r,s,a,i=d.querySelectorAll('iframe[data-secret="'+t.secret+'"]'),n=d.querySelectorAll('blockquote[data-secret="'+t.secret+'"]'),o=new RegExp("^https?:$","i"),l=0;l<n.length;l++)n[l].style.display="none";for(l=0;l<i.length;l++)if(r=i[l],e.source!==r.contentWindow);else{if(r.removeAttribute("style"),"height"===t.message){if(1e3<(s=parseInt(t.value,10)))s=1e3;else if(~~s<200)s=200;r.height=s}if("link"===t.message)if(s=d.createElement("a"),a=d.createElement("a"),s.href=r.getAttribute("src"),a.href=t.value,!o.test(a.protocol));else if(a.host===s.host)if(d.activeElement===r)c.top.location.href=t.value}}},e)c.addEventListener("message",c.wp.receiveEmbedMessage,!1),d.addEventListener("DOMContentLoaded",t,!1),c.addEventListener("load",t,!1);function t(){if(o);else{o=!0;for(var e,t,r,s=-1!==navigator.appVersion.indexOf("MSIE 10"),a=!!navigator.userAgent.match(/Trident.*rv:11\./),i=d.querySelectorAll("iframe.wp-embedded-content"),n=0;n<i.length;n++){if(!(r=(t=i[n]).getAttribute("data-secret")))r=Math.random().toString(36).substr(2,10),t.src+="#?secret="+r,t.setAttribute("data-secret",r);if(s||a)(e=t.cloneNode(!0)).removeAttribute("security"),t.parentNode.replaceChild(e,t);t.contentWindow.postMessage({message:"ready",secret:r},"*")}}}}(window,document);
</script>

&nbsp; &nbsp; Du 25 au 27 septembre prochain, j&rsquo;aurai l&rsquo;immense plaisir de présenter pour la première fois mon exposition « Monts et Merveilles » à Barr, dans le cadre du salon de la photographie de nature. Ce sera un grand honneur pour moi d&rsquo;exposer aux côtés d&rsquo;autres talentueux photographes et surtout de pouvoir vous rencontrer [&hellip;]
